and v?
55
Let b be (-4*1/(-10))/(65/325). Calculate the greatest common divisor of b and 142.
2
Let z(g) = 12*g - 4. Let h be z(16). Suppose 0 = 3*b - 5*l - h, 3*l + 0*l = -b + 72. What is the highest common divisor of 22 and b?
22
Let s be (22/5)/(1/5). Let w(i) = i**3 - 18*i**2 + 12*i - 40. Let l be w(18). What is the highest common divisor of l and s?
22
Let j(c) = -44*c + 11. Let g = -25 - -22. Let k be j(g). What is the highest common divisor of 13 and k?
13
Let l = 35 - 11. Let c be -22*(l/(-21) - (-3)/21). Suppose -5*q = 4*d - 875, -4*q + 0*q + 216 = d. What is the greatest common factor of d and c?
22
Suppose 0 = 2*w - 357 - 273. What is the greatest common factor of 35 and w?
35
Let n be 8/(-7)*(-77)/22 - -131. What is the greatest common factor of 120 and n?
15
Let a be (-384)/8*(0 - 2). Calculate the greatest common factor of a and 216.
24
Let h(g) = -61*g + 260. Let p be h(4). Calculate the highest common factor of 512 and p.
16
Let z = 4731 + -2318. What is the highest common divisor of 127 and z?
127
Suppose -w = 4, 4*x - 4*w = -x + 26. Suppose -x*p - 5*a + 26 = 0, -p + 50 = 2*p + 2*a. Calculate the highest common divisor of 18 and p.
18
Let n = -300 + 410. Let w be ((-12)/(-14))/((-2)/(-14)). Suppose 20 = -4*q + w*q. Calculate the highest common divisor of n and q.
10
Suppose 194 + 70 = 44*o. Calculate the highest common factor of o and 262.
2
Let b be 39 - (1 + (-2)/(-2)). Let h = b - 27. What is the highest common factor of h and 40?
10
Let h(y) = 7*y + 292. Let l be h(-31). What is the greatest common factor of 25 and l?
25
Let x be 8 + (10 + 2)/(-4). Suppose -13 = s - 3*n - 56, -s = x*n - 11. Calculate the greatest common divisor of s and 93.
31
Let f be (-48)/32*((-4)/(-3))/(-2). Let x be 5/4 + (-2)/8. What is the greatest common divisor of f and x?
1
Let l(q) = q**2 + 4. Let r be l(0). Let s(f) = -f**3 + 6*f**2 - 7*f + 5. Let j be s(r). Calculate the greatest common divisor of 36 and j.
9
Suppose 2*b + 31 = 3*x + 144, 3*b - x - 166 = 0. What is the greatest common factor of b and 11?
11
Let u be ((-35)/(-3))/(-7)*-3. Suppose 3*v + 2*v + u*f - 125 = 0, -v + 3*f = -25. Calculate the greatest common divisor of v and 125.
25
Let l(a) = -1 - 14*a - 1 + 6 + 92*a. Let k be l(2). Calculate the greatest common divisor of k and 20.
20
Let x(i) be the first derivative of i**3/3 - 15*i**2 - 57*i - 38. Let j be x(32). What is the greatest common divisor of j and 77?
7
Let n be (-2 - -1)/(6 - 5). Let s(d) = 21*d**2 - d - 1. Let h be s(n). Calculate the highest common factor of h and 3.
3
Suppose 4*q = -5*f + 111, -8 = 5*f - 4*q - 127. What is the greatest common factor of 437 and f?
23
Suppose -5*m + 3*q + 240 = 0, -11 = -q - 16. What is the highest common divisor of m and 5?
5
Let h(i) be the first derivative of 3*i**2/2 - 8*i + 11. Let k be h(4). What is the highest common divisor of k and 2?
2
Suppose -3*j = -7*j + 120. Suppose 5*x - 2*y - 50 = -3*y, 0 = 4*x + y - 40. Calculate the highest common divisor of j and x.
10
Suppose 29 = 10*d - 11. Let i be 1004/24 + d/24. What is the greatest common divisor of i and 294?
42
Let f = -35 - -42. Let n(d) = -d**3 + 9*d**2 - 4*d - 10. Let u be n(f). Calculate the highest common divisor of 24 and u.
12
Let a be (4/(-5))/((-3)/15). Suppose -4 = a*c - 0*c, -2*c + 4 = f. Let x be -3*(7 - 0)*(-42)/49. What is the highest common factor of x and f?
6
Suppose 0 = -2*c - 4*h, 4*c + 2*h + 0 = 6. Let o(d) = -d**2 - 2*d + 10. Let w = 21 + -21. Let k be o(w). What is the greatest common factor of k and c?
2
Let k be (-12*2)/((-6)/4). What is the highest common factor of 384 and k?
16
Suppose 110*h - 108*h = 558. What is the highest common divisor of h and 9?
9
Suppose 7*p + 81 = 221. Calculate the greatest common divisor of p and 104.
4
Suppose -168 = 22*t - 740. Calculate the highest common divisor of 117 and t.
13
Let z be (-894)/(-42) + 2/(-7). Suppose 0 = -4*o + 35 + z. Calculate the highest common factor of o and 21.
7
Let v(d) = 3*d + 124. Let q be v(-36). What is the highest common divisor of q and 8?
8
Let q(x) = -x**2 - 17*x + 22. Let u be q(-18). Suppose u*d - 45 - 19 = 0. Calculate the highest common divisor of d and 4.
4
Suppose -z = z - 36. What is the greatest common factor of 78 and z?
6
Suppose 5*b + 5*j = -15 - 15, 0 = -3*b + 3*j + 6. Let r be 2*(-237)/(-12) - b/4. What is the greatest common divisor of r and 20?
20
Let p = -97 - -199. Suppose l + 1270 = 5*z, -5*l + 2*l + 1290 = 5*z. Calculate the greatest common divisor of z and p.
51
Let q = -8 + 12. Let o be (4/q - 3) + 2. Suppose o = -4*i + 4*d + 36, i - 8 = -3*d + 17. Calculate the highest common divisor of 52 and i.
13
Let b = -158 - -165. Calculate the highest common divisor of b and 7.
7
Let x(v) = 30*v + 284. Let o be x(-6). Calculate the highest common factor of o and 40.
8
Let q(m) = 11*m + 24. Let w be q(8). Calculate the greatest common divisor of 42 and w.
14
Let v(j) = 11. Let c(g) = -g + 22. Let o(z) = -3*c(z) + 5*v(z). Let f be o(5). Calculate the greatest common divisor of 6 and f.
2
Let z(k) = -k**3 + 7*k**2 + 10*k - 4. Suppose 17 = 5*y - 23. Let d be z(y). What is the greatest common factor of 8 and d?
4
Suppose -948*c + 943*c = -1160. Calculate the highest common divisor of 174 and c.
58
Suppose -g + 68 = -4*w - 34, -2*w + 408 = 4*g. Let p = -38 + g. Let x be -1*7 - (2 + 6 + -23). What is the highest common divisor of x and p?
8
Let i(x) = -16*x**2 - 88*x - 6. Let o be i(-5). Let r(a) = 24*a + 2. Let p be r(7). Calculate the greatest common divisor of o and p.
34
Suppose 2*a + 23*g - 21*g - 542 = 0, -2*a + 3*g = -537. What is the highest common factor of a and 18?
18
Let c = -3766 + 5449. Suppose 3*t + 8*t - c = 0. What is the highest common divisor of t and 9?
9
Suppose 9 = 7*h - 75. Let g be 6/(-2*(-3)/12). What is the greatest common divisor of g and h?
12
Suppose j = 2*g + 22, -2*j - 3*j + 3*g = -96. Suppose -2*n + j + 18 = 0. What is the highest common divisor of 27 and n?
9
Suppose -2*s = o + o + 48, s - 52 = 3*o. Let u be 37*1 - 19/(133/(-14)). Let i = u + o. What is the highest common factor of i and 100?
20
Suppose 0 = 195*q - 189*q - 6. Calculate the greatest common divisor of q and 9.
1
Suppose 3*d - 21 = 30. Let k = 2 + 0. Suppose -3*l - 2 = -k*l, 4*l + 76 = u. Calculate the greatest common divisor of u and d.
17
Let r(i) = -15*i - 15. Let g = 17 + -22. Let s be r(g). Calculate the greatest common divisor of s and 10.
10
Suppose k + k - 16 = 0. Suppose k = -4*v + 8*v. Suppose -3*j = 0, -6*j + v*j - 64 = -4*b. Calculate the highest common factor of 8 and b.
8
Let v = 2052 - 1968. What is the highest common divisor of v and 21?
21
Let y be (1*-1)/((-19)/361). Let a be (3/(-9))/(3/(-18)). Suppose 93 - y = a*m. Calculate the highest common divisor of 148 and m.
37
Let r(u) = 2*u**2 + 13*u - 268. Let b be r(15). Calculate the highest common divisor of 13 and b.
13
Suppose 6*k - 54 = 3*k. Suppose 0 = -2*n + 4 + 14. Calculate the highest common divisor of k and n.
9
Suppose 631 - 3403 = -11*g. What is the greatest common factor of 108 and g?
36
Let d = -2 + 2. Let r = d - -5. Let f(s) = -s**3 - 3*s**2 + 29*s + 8. Let x be f(-7). Calculate the greatest common factor of x and r.
1
Suppose -3*s + 6*s = 6. Suppose 2*l - 11 - 14 = -3*q, 3*l = s*q - 8. Suppose 0 = -19*h + 9*h + 140. Calculate the highest common factor of h and q.
7
Let u = -4 - -6. Suppose -u*r - 24 = -3*y - r, 3*r + 9 = 0. Let o be (-2)/8 + (-987)/(-28). Calculate the greatest common divisor of y and o.
7
Suppose -4*v - 9 + 85 = 0. Calculate the highest common factor of 551 and v.
19
Let r(l) = l**2 + 6*l - 1. Let u be r(-6). Let k be 72/4*u/(-2). Calculate the greatest common factor of k and 81.
9
Let s(t) = -5*t + 2. Let z be s(-2). Suppose -14 = 6*a - 38. Suppose 55 = 5*p + 4*j - 9*j, -a*p = 3*j - 51. Calculate the highest common divisor of z and p.
12
Let u be (-28)/5*25/(-10). Let i = -81 + 50. Let d = i - -101. Calculate the highest common divisor of u and d.
14
Suppose 0 = -20*k - 13*k + 5775. Calculate the greatest common factor of k and 7.
7
Suppose -154 = -2*s + 20. Let m = -21 + 54. Suppose -s = -3*w + m. What is the highest common factor of 8 and w?
8
Let d(q) = -q**3 + 11*q**2 + 19*q - 57. Let a be d(12). What is the highest common di